 12*o**2 + 0*o + 5/12*o**4 + 13/60*o**5. Is q(8) prime?
True
Let r = -22547 + 40834. Is r a composite number?
False
Let r be 11/(-22) - (-4278)/4. Is (r/2)/((15/10)/3) a composite number?
False
Let q(w) = 2*w + 2. Let i be q(1). Suppose 1105 = m - f, i*m + f - 392 = 4018. Is m composite?
False
Suppose 111098 = 5*y - 3*v + 26507, y - 2*v = 16921. Is y a composite number?
True
Suppose 0*z = -5*t - 4*z - 5, -2*t + 11 = -z. Suppose 6*j - t*j - 889 = m, 0 = 4*j - 4*m - 1196. Is j a composite number?
True
Let i = -184 + 350. Suppose -8*g + 10*g = i. Is g prime?
True
Suppose 3*u - 20403 = -3*g - 0*u, -5*u = 2*g - 13596. Is g a composite number?
False
Suppose 0 = 14*s - 16*s + 6. Suppose -3*w = 0, -2*k = -0*w + s*w - 70. Is k prime?
False
Suppose 0 = -3*v - 2*i + 6 + 9, 4*i = -3*v + 15. Suppose 0 = -g - v*b + 1384, 0*b = -g - 3*b + 1390. Is g a prime number?
True
Is -5 + (-88692)/(-54) + (-8)/18 prime?
True
Let l = 540 + 1171. Is l composite?
True
Let m(z) = 17*z**3 + z**2 - z + 1. Suppose 0*x - 4 = -2*x. Is m(x) a composite number?
False
Let l = 22 + -20. Suppose l*n - k = 0, 0 = 2*n + 2*k + 3*k + 12. Is n/((5/(-303))/5) a prime number?
False
Suppose 0 = 3*f - 11661 - 39462. Is f a prime number?
True
Suppose l = -3, 2*l = a + 6*l - 1747. Is a prime?
True
Suppose -7*n + 16989 = -5*n - j, 5*j = -3*n + 25516. Is n composite?
True
Suppose 2*u - 66576 = -2*k - 0*u, u + 133147 = 4*k. Is k prime?
True
Let u = -1398 - -780. Is ((-16)/(-24))/((-4)/u) prime?
True
Suppose -2714 = -i + 773. Is i composite?
True
Let p be (-419 - (-4 + -2))*(-6)/2. Let k = -668 + p. Is k composite?
False
Let w(a) = a**3 + 23*a**2 + 5*a - 19. Is w(-22) a prime number?
False
Let x(y) be the second derivative of -3*y**5/20 + y**4/3 - y**3/6 + 3*y**2/2 + 31*y. Is x(-4) a composite number?
False
Let s(i) = -5*i**3 + 10*i**2 + 26*i - 7. Is s(-6) composite?
False
Suppose u = 3*u - 10. Suppose 0 = -w - u*h - 7980, 30640 = -4*w + h - 1238. Is (w/(-50))/((-1)/(-5)) a composite number?
False
Is ((-34702)/7)/(6/(-21)) composite?
False
Suppose -k = -4*k + 891. Let r = k + -151. Is r prime?
False
Suppose -9*p = -7*p - 12. Suppose 4*n - p*n = 0. Suppose 286 = 2*h - s - 3*s, -h - 5*s + 164 = n. Is h a prime number?
True
Suppose 5*u + m = -38, 0 = -3*u + 4*m - 12 + 3. Suppose -5*a + 3*r + 11 = 0, -3*a - 5*r + 11 = -4*a. Let j = a - u. Is j composite?
False
Suppose 0 = 3*l + 2*u - 3350, -2*l + 2224 = -0*l - u. Is l a composite number?
True
Let i = -2625 - -4649. Suppose 4*p = -4*p + i. Is p prime?
False
Let q be (-10)/(-20) + (-5)/(-2). Suppose 3*t + 2*a = 1197, q*t - 5*a = 4*t - 412. Is t a prime number?
True
Let w = -116752 - -231445. Is w a composite number?
True
Let o be (-1)/((-4)/5992) + 2 + 0. Let q = 2905 + -1890. Let t = o - q. Is t prime?
False
Let h(r) = -2*r**3 - 20*r**2 + 4*r - 50. Let b be h(-21). Suppose -b = -9*y + 8666. Is y prime?
False
Let f = 1941 + -298. Is f a composite number?
True
Let d(y) be the second derivative of -y**5/20 - 7*y**4/6 - 2*y**3/3 + 13*y**2/2 + 18*y. Is d(-14) a composite number?
True
Suppose 180363 - 34500 = 9*n. Is n composite?
True
Let k be 5/10*(2 - -1808). Suppose k = 5*p - 2*f, 0 = 2*p - 4*f - f - 383. Is p prime?
True
Suppose -3*k - 503 = 3*l - 7*l, -5*k = -l + 147. Let p = 331 - l. Is p prime?
False
Suppose a + 130 - 520 = 5*p, -2*a = -3*p - 752. Suppose 5*f - 402 = -2*u, -2*u + 0*f + a = -3*f. Suppose 6*d = 5*d + u. Is d a composite number?
False
Suppose -2*i = j + j - 32, 2*i + 94 = 5*j. Suppose -24765 = -j*g + 3*g. Is g composite?
True
Let o = 3587 - -2846. Is o prime?
False
Suppose 0 = 2*h + 3*i - 11323, -47*h = -50*h - 2*i + 16997. Is h prime?
True
Let z(o) = -7*o**3 - 5*o**2 - 10*o + 13. Let b(w) = 6*w**3 + 4*w**2 + 10*w - 12. Let u(s) = -6*b(s) - 5*z(s). Is u(-7) composite?
True
Let z(u) = 394*u**2 - 20*u + 35. Is z(2) a composite number?
False
Suppose -6*r + 4*m + 2110 = -4*r, -r + 1055 = 2*m. Suppose 4*a + 2*g - 844 = 0, 6*a - a - r = 2*g. Is a composite?
False
Let x(n) = 19*n**2 - 5*n - 47. Is x(14) prime?
True
Suppose 3*k - 9 + 9 = 0. Suppose -4*z - z + 815 = k. Is z a composite number?
False
Let t = 22 + -17. Suppose -5*j + 15 = -t*w, -1 = -4*j - w + 21. Suppose 2*o = -o + 9, -j*g + 383 = -4*o. Is g composite?
False
Suppose 2*j - 34*z = -39*z + 8046, j - 4017 = -4*z. Is j a composite number?
True
Suppose 873*b - 9277 = 872*b. Is b composite?
False
Suppose -14*f = -68874 - 5396. Is f composite?
True
Let x = -47 + 37. Is 94*(0 + (-15)/x) prime?
False
Let f(a) = 85*a**2 + 25*a + 203. Is f(-13) prime?
True
Suppose 3*u + 756 = k, 4*u + 504 = 2*u + 4*k. Let i be (u/8)/((-1)/20). Suppose 3*b - i = -5*q + 8*b, 1 = b. Is q a prime number?
True
Let h = 24 - -9. Let y = h + -31. Suppose -3*a + g + 369 = 0, y*g - 492 = -4*a + g. Is a a composite number?
True
Suppose 4*m = 4*n - 1480, m = 2*n - 3*m - 740. Suppose 0 = -2*r + 1204 + n. Is r a prime number?
True
Let l be (-2 + 4)*(-1)/2. Let a(k) = -1 + 20*k**2 + 25*k - 10*k - 17*k. Is a(l) composite?
True
Let s(r) = 12*r**2 + 3*r + 4. Let i be s(8). Suppose 4*q + 0*q - 3*o - i = 0, -3*o - 199 = -q. Is q a composite number?
False
Let j(z) = -3*z + 1. Let r be j(9). Let h = -22 - r. Let a(p) = 2*p**3 + p + 1. Is a(h) a prime number?
False
Suppose j - 1486 = -h, 5*h + j = 5*j + 7385. Is h a prime number?
True
Let j(k) = 1528*k**3 - 34*k**2 + 72*k - 3. Is j(2) a prime number?
False
Suppose 7*s - 27 - 1 = 0. Let u(b) = 27*b**3 - 5*b**2 + 6*b - 4. Let q be u(s). Suppose g - 2099 = -5*k, -2*k = -6*k + 2*g + q. Is k a prime number?
True
Suppose f - 5541 = -5*h, 3*h - 668 = -f + 2655. Is h a composite number?
False
Let n(x) be the first derivative of x**2/2 - 4*x + 1. Let l be n(4). Suppose w + l*w = 331. Is w a composite number?
False
Is (2/8)/(14/505624) a prime number?
True
Suppose 2*b + t = 68, 0 = 3*b - 5*b + t + 76. Suppose -w + b = -5*w. Let z = w + 28. Is z a prime number?
True
Let b be (-2)/(-6) + (-5544)/27. Let w = -942 + 526. Let o = b - w. Is o a prime number?
True
Let o = -143 - -138. Is (o - (-44)/3)*159 a prime number?
False
Let i be (-39)/(-6)*6 + 1. Suppose -3*v + i = 2*v. Is (-422)/(1*v/(-4)) a prime number?
True
Let l(m) = -m**2 + 10*m - 5. Let o be l(9). Suppose -1566 - 526 = -o*d. Is d a prime number?
True
Let v be (18/8)/(-1) - (-1)/4. Is (7014/(-24) + (-6)/(-8))*v prime?
False
Suppose -2*g + 119 + 87 = 0. Let o = g + 568. Is o a prime number?
False
Let l(b) = 71*b**2 + 32*b + 13. Is l(8) prime?
True
Suppose 0 = -4*h + 9*h - 5*g + 2920, -2906 = 5*h + 2*g. Let p = -325 - h. Is p a composite number?
False
Suppose 0 = -s + 2*s - 586. Suppose -s - 816 = -2*m. Is m composite?
False
Suppose -3*q - q = -948. Suppose 3*r = 1281 - q. Suppose -5*h = -567 - r. Is h a composite number?
True
Is 4082 + 8/(-6)*(-30)/40 a composite number?
True
Let j(n) = n**3 - 10*n**2 - 10*n - 10. Let m be j(11). Suppose 3*k = m + 14. Suppose -3*h + 175 = 2*l - 123, k*h - 20 = 0. Is l prime?
False
Suppose 3*x - 70616 = -x - 4*s, x - 17648 = -3*s. Is x composite?
False
Let b = 2994 - -29. Let r = b - 380. Is r composite?
True
Let w(z) = z**2 + z + 1. Let a be w(-2). Suppose -t = -0*v + 5*v + 10, -3*v + 18 = a*t. Is t composite?
True
Let a = -86773 - -125358. Is a a prime number?
False
Let j be (14/(-18) - -1) + (-79025)/225. Let d = -157 - j. Is d a composite number?
True
Let h(a) = -a**3 - 5*a**2 - 6*a + 5. Let v be (1/(-2))/((-3)/(-36)). Is h(v) a prime number?
False
Let k be -2*2/(-4)*-106. Let d = k - -632. Is d a composite number?
True
Let k(i) = 2*i + 9. Let z be k(-7). Let q = 10 + z. Suppose -148 = -q*s + s. Is s composite?
False
Let k = -5097 - -8745. Suppose 3557 = 5*b - k. Is b a prime number?
False
Let k(j) = 198*j**2 + 22*j + 19. Is k(-3) prime?
False
Suppose 2*r + g - 1141 = 0, -6*r + 569 = -5*r + 2*g. Suppose -7*h + 5806 + r = 0. Is h a prime number?
True
Suppose -u + 682 = -3*s, -u = 8*s - 6*s - 667. Is u a prime number?
True
Let r = -242 - 183. Let l = 1094 + r. Suppose 2*q - l = -q. Is q composite?
False
Let n = 7 + -7. Suppose -2*g - 3 + 7 = n. Suppose 0 = 4*h - f - 1567, g*h = -0*h + f + 785. Is h a prime number?
False
Let t(x) = x - 3. Let r be t(0). Let g be 4 - 0 - (r - -3). Suppose -g*j + 0*j = -644. Is j composite?
True
Let l be -3276 - ((-21)/7 + 3*2). Let c = -1768 - l. Is c a prime number